. Suppose 0 = -r*g - g. Suppose 0 = -g*t + 5*t - 45. List the prime factors of t.
3
Let o be 8 + 0 - (3 - 0). Let v(c) = 2 + 6*c - 2 - o*c. What are the prime factors of v(3)?
3
Let o = -10 + 6. List the prime factors of (-39)/o - (-7)/28.
2, 5
Let q = -1 - -6. Let z(i) = i**3 - 6*i**2 + 5*i. Let f be z(q). Suppose 4*y + 5*k = 63, f*k + 57 = 4*y + 3*k. What are the prime factors of y?
2, 3
Suppose 2*q - 4*q + 8 = 0. Suppose 0 = 3*b + q*u - 32, 2*b + u + 2*u - 22 = 0. List the prime factors of b.
2
Let h = -4 - -29. List the prime factors of h.
5
Suppose -2*u - 2*u + 248 = -5*g, 0 = 2*u - 5*g - 114. Suppose 0*k + 3*k = -2*m + u, 3*m - 129 = 5*k. What are the prime factors of m?
2, 19
Let w = -2 - -16. Let x(t) = 5*t**2 - 1. Let c be x(-1). Suppose -5*i + 9 = c*a + 3, -a + w = -5*i. What are the prime factors of a?
2
Let w(s) = 8*s - 1. Let o be w(1). Let d = o + -10. What are the prime factors of 26/d*(-6)/4?
13
Let w = 5 + 3. Let t(l) = 3*l**2 + 0*l**2 - 2*l**2 - w*l + 0*l + 5. List the prime factors of t(9).
2, 7
Suppose 4*p = 3*p + 9. Let y = -7 + p. Suppose 0*c = -y*c + 32. List the prime factors of c.
2
Let r = -67 - -141. What are the prime factors of r?
2, 37
Suppose -11*b + 4400 = 9*b. What are the prime factors of b?
2, 5, 11
Suppose 5*u = 2*u + 5*h + 277, -h = -5*u + 447. List the prime factors of u.
89
Let p(s) be the second derivative of 0 + 3*s - 9/2*s**2 + 1/3*s**3. What are the prime factors of p(6)?
3
Let k(d) = -d + 7. Let t be k(7). Let i(s) = -s + 14. Let x be i(t). Suppose 2 + x = 3*c - 2*l, -3*c - 4*l = -40. List the prime factors of c.
2
List the prime factors of 0 + -3 + 4 - (-121)/1.
2, 61
Let b(k) = -k**3 + 5*k**2. Suppose -t + 2 = -3. Let v be b(t). Suppose -26 = -2*c - v*c. What are the prime factors of c?
13
Let m(w) = -97*w - 4. List the prime factors of m(-1).
3, 31
Let d be (10/8)/((-2)/(-24)). Suppose 3*z + d = 0, 0*z + z - 65 = -5*o. Let g = o + 3. What are the prime factors of g?
17
Suppose i - 2*i + 536 = 5*m, 5*m - 540 = -5*i. What are the prime factors of m?
107
Let y(a) = a**3 + 5. Let p be y(0). Suppose -p*c - 50 = -20. Let z = c + 8. What are the prime factors of z?
2
List the prime factors of ((-40)/(-15))/((-2)/(-108)).
2, 3
Suppose 0 = -2*n + 67 - 23. What are the prime factors of n?
2, 11
Suppose x - f - 78 = 0, -x = -f - 2*f - 86. List the prime factors of x.
2, 37
Suppose -q + 115 = 4*x, -2*q - 5*x + 427 = 2*q. What are the prime factors of q?
103
What are the prime factors of 1*(-4)/4 + 31?
2, 3, 5
Suppose 2*k + 2*t = -k + 457, 3*k - 463 = 4*t. List the prime factors of k.
3, 17
Suppose -s + 5*v + 20 = 2*s, -4*s = 5*v - 85. Let j be 2 + (0 - -3)*-1. List the prime factors of s/5 - (j + -1).
5
Let z = -20 + 20. Suppose 0 = 2*k - 3*d - 56, -4*k + 128 = 2*d - z*d. List the prime factors of k.
31
Suppose 0*o = -5*z + o + 177, z = 2*o + 30. Suppose 7*a - 188 = z. What are the prime factors of a?
2
Suppose x = 7*f - 3*f - 15, 5*x - 5 = 0. Let b(w) = 0 - f - 1 + 2*w - 3. List the prime factors of b(6).
2
Suppose -4*h + l = 2, 5*h + 0*l = -5*l + 10. Let r be h + (2 - 1) + 1. What are the prime factors of (2 - 1)/(1/r)?
2
Let h be (-2 + 15/6)*144. Suppose -h = -4*d + d. What are the prime factors of d?
2, 3
Suppose 392 = -z + 8*z. What are the prime factors of z?
2, 7
Let s(n) = n**3 - 2*n**2 - 6*n - 2. Let h be s(5). Let c = -13 + h. List the prime factors of c.
2, 3, 5
Let v = -81 - -119. Suppose v + 147 = 5*u. What are the prime factors of u?
37
List the prime factors of (-63)/3*(-56)/21.
2, 7
Let f = 37 - 10. List the prime factors of f.
3
What are the prime factors of (0 - -2) + (-4)/((-12)/57)?
3, 7
Let z = -63 - -361. What are the prime factors of z?
2, 149
Let m(o) = -6*o + 1. Let f(x) = x + 4. Let q be f(-7). List the prime factors of m(q).
19
Let p = -8 + 11. What are the prime factors of (p - 8)*1*-1?
5
Let d(i) = 18*i - 64. What are the prime factors of d(9)?
2, 7
Let v be 4/(-2)*(2 + 4). Let c = 0 - v. What are the prime factors of c?
2, 3
Let a(b) = -b**3 + 6*b**2 - 6*b + 6. Let g be a(5). Let h(c) = -3 - 4*c + c - 3*c**2 - c**3 - g - c. What are the prime factors of h(-3)?
2
Suppose 180 = 5*b + z, b - 4*z - 23 = -8. List the prime factors of b.
5, 7
Let z(m) = m**2 + 2*m + 10. List the prime factors of z(-8).
2, 29
Suppose 0 = -5*y + 677 + 768. What are the prime factors of y?
17
Suppose -2*u - 28 = -0*m + 2*m, -3*u + 28 = -4*m. Let j(f) = f**2 - 25. Let t be j(0). List the prime factors of ((-4)/m)/((-5)/t).
2
Suppose -3*z = -0 - 6. Suppose -2*y - 10 = -4*b - z, 9 = 3*b. Suppose -4*c = 4*x + x - 27, 5*c = y*x + 42. What are the prime factors of c?
2
Let a = -63 - -181. List the prime factors of a.
2, 59
Let s = -4 - 3. What are the prime factors of (-3 - s) + -3 + 12?
13
Suppose 3*q + 4 = 7*q. List the prime factors of 22 - (-5 + q + 3).
23
Let i(d) = -8*d - 54. What are the prime factors of i(-9)?
2, 3
Suppose -4*a = -5*g + 3, 4*g + 1 = 4*a + 5. Let x be (29 + -1 - g) + -1. Let t = x + -16. What are the prime factors of t?
2, 3
Suppose -q + 45 + 197 = 0. List the prime factors of q.
2, 11
Suppose -6*l + 115 = -l. What are the prime factors of l?
23
Let o(t) = t**2 - 5*t + 4. Let n be o(4). Suppose k + 4*x = -0 + 25, 22 = k + 3*x. List the prime factors of n - 0 - (0 - k).
13
Let k be (13 + -14)/(0 + -1). Let u(s) = 35*s + 1. List the prime factors of u(k).
2, 3
Let u be (-4)/12 + 38/6. Suppose -l + 4*l - u = 0. What are the prime factors of l?
2
Let o(i) = -i**2 - 15*i - 8. Let j be o(-13). Let h(c) = -c**2 + c + 212. Let y be h(0). What are the prime factors of y/j + 8/36?
2, 3
What are the prime factors of 24/18 - (-101)/3?
5, 7
Let r = 7 - 5. Suppose -f + 3 = r*f. What are the prime factors of 0/(f + -2) - -2?
2
Let b = -98 - -265. List the prime factors of b.
167
Suppose -2*h - 4 = 0, 5*h - 57 - 158 = -3*y. What are the prime factors of y?
3, 5
Let g(w) = -2*w - w**3 - 13 - w**2 - 2 + w. Let x be g(0). What are the prime factors of (14/(-10))/(3/x)?
7
List the prime factors of (35 - 0 - 4) + -4.
3
Let d = -26 + 36. Let h = -7 + d. What are the prime factors of h?
3
What are the prime factors of 8/3*(-90)/(-20)?
2, 3
Let t = 773 - 1209. Let a be (-4)/18 - t/18. Suppose -10 = -2*u + b + a, u - 23 = 2*b. List the prime factors of u.
3, 5
Let b(h) = -h**2 - 5*h - 2. Let i be 3*-2*4/(-6). Suppose 0 = -i*g + 5 - 13. List the prime factors of b(g).
2
Let q = 11 - -10. List the prime factors of 2*q/2 - 3.
2, 3
Suppose 0 = 10*u - 5*u - 80. What are the prime factors of u?
2
Suppose -2*r + 3*r = 0. Suppose r*s + 2*s = -3*h + 4, 11 = 3*h - 5*s. List the prime factors of (-13 + h/1)*-1.
11
Let v = 5 - 7. What are the prime factors of (v/(-2))/(3/27)?
3
Let v = -44 + 39. Let s = -9 + 32. Let u = v + s. List the prime factors of u.
2, 3
Suppose -87 = -5*u + 3*j - 5*j, -4*u + 2*j + 66 = 0. What are the prime factors of u?
17
Suppose -98 = -3*m + 1. What are the prime factors of m?
3, 11
Suppose 0 = 4*f + 6 + 2. Let y be (1 + -1)/1 - -12. Let g = y - f. What are the prime factors of g?
2, 7
Let f(x) = -4*x**3 - x**2 + 1. Let j be f(-1). Suppose j = -g, -g = -5*o - 0*g + 9. Suppose 0 = r - o - 2. What are the prime factors of r?
3
Let b = -13 - -21. Suppose -19 = -2*t + 6*u - 3*u, u = t - b. List the prime factors of t.
5
Suppose -5*t - 189 + 74 = 5*x, 0 = -4*x - 8. Let n be 3/(-2)*(-8)/(-3). List the prime factors of n/(-5)*(-1 - t).
2
Suppose 2*g + 3*o - 49 = -2*o, 5*g - 139 = 4*o. Let w = g - -6. What are the prime factors of w?
3, 11
Let t(j) = j - 2. Let n be (-15 - -1) + 2 + -2. Let z be n/(-3)*3/2. What are the prime factors of t(z)?
5
Suppose 3*z - 2*z = -4*n, -5*n = -3*z. Let v = -2 - n. List the prime factors of -3 + v + 4 - -12.
11
Let u = 11 - 2. Let y be u - (0 - 1) - 0. Suppose -y = -3*o + 23. What are the prime factors of o?
11
Let x = 41 - 21. List the prime factors of x.
2, 5
Let y = 11 - 7. List the prime factors of y/((-4)/(-2)) + 15.
17
Let v(d) = -d - 2. Let i be v(-6). Let w be i/18 + 2/(-9). Suppose 3*p = 4*c + 28, p + 0*c + c = w. What are the prime factors of p?
2
Let o be -7 + 4 - 22/(-2). Let s = -8 - -2. Let b = o + s. List the prime factors of b.
2
Suppose 2*c - 35 = 7*c. Let j = 24 + c. List the prime factors of j.
17
Let c be (-2)/(-6)*-1*-3. Let v(i) = 9*i**2 - c + 0